 -o*s. Suppose -3 - s = -2*q + 4*m, 3*m = q - 21. What are the prime factors of q?
3, 5
What are the prime factors of 76 - ((-1 - -4)/1 - 2)?
3, 5
Suppose -3*d = 4 - 1. Let j(x) = -10*x**3 + x**2 + 2*x + 1. List the prime factors of j(d).
2, 5
Suppose 5*b + 15 = 0, 2*v - 16 = -3*v - 3*b. Suppose -n - 4*c - 20 = -v*n, 0 = 2*n + 2*c - 10. List the prime factors of n.
5
List the prime factors of 1 + 9 + 12/4.
13
Suppose -4*z = -12 - 24. What are the prime factors of z?
3
Let g(i) = i**3 - 5*i**2 - 5. Let t be g(5). Let f = t - -7. Let w(c) = 3*c**3 - 2*c**2 + 2*c - 3. What are the prime factors of w(f)?
17
Let p be (1 - 4)/(6/(-8)). Suppose p*q = 52 + 168. Let u = -36 + q. What are the prime factors of u?
19
Let t = -117 + 243. List the prime factors of t.
2, 3, 7
Suppose 0 = -4*v + 7 + 9. Suppose 5*n - 13 = -4*r - 0*r, -v*r - 22 = -2*n. What are the prime factors of n?
5
Suppose 127 - 429 = -2*f. List the prime factors of f.
151
Let p(x) = -3*x + 1. List the prime factors of p(-2).
7
Suppose 2*m + v - 106 = -v, -5*v + 61 = m. Suppose -m - 19 = -2*j. What are the prime factors of j?
5, 7
Let w = 197 + -123. What are the prime factors of w?
2, 37
Suppose 68 = 2*b - 16. Suppose -234 = -4*h - b. Suppose -2*s = s - h. List the prime factors of s.
2
Let g = -24 - -24. Let x(c) = -2 + 10 - 1 + c - c**2. What are the prime factors of x(g)?
7
Let y = -10 - -12. What are the prime factors of 0 - (-18 + y + -3)?
19
Let v = -27 - -19. Let a be (-388)/v - 2/4. Suppose -2*l = 2*l - a. List the prime factors of l.
2, 3
Let z(n) = -n**2 + 4*n + 4. Let x be z(4). Let y be 2/8 + 55/x. Suppose 0 = -5*b, 5*r - 1 = 5*b + y. What are the prime factors of r?
3
Let j = -4 + 2. Let t be 5/6*j*3. List the prime factors of 0/t - (-13 - 0).
13
Let h = 13 - 20. Let c = -5 - h. Suppose c*d + 5*q + 4 = 0, 2*d + q - 20 = 2*q. What are the prime factors of d?
2
Let k(w) = -w**2 - w - 9. Let g be k(0). Let p(f) = -2*f + 2. List the prime factors of p(g).
2, 5
Let y(u) = -4 + u**2 - 6*u + 0*u + 6*u. What are the prime factors of y(6)?
2
List the prime factors of 16 + -13 + 14*3.
3, 5
Let u = -83 - -122. What are the prime factors of u?
3, 13
Let f be 1/(3/(-54))*-1. Suppose 6*n + 30 = 5*x + n, -x + f = 2*n. Let g = x + -8. List the prime factors of g.
2
Suppose -q = -2*z - 7, -3*q + 6 = -z - 0*q. Let p be 3/(z/(-49)) + -2. Suppose -p = 3*m - 7*m - w, -2*m + 3*w + 27 = 0. What are the prime factors of m?
2, 3
Let z(r) = r**3 + 2*r**2 - r + 2. Let y be z(2). Let q = y - 8. What are the prime factors of q?
2
Let c(l) = -l**2 + 5*l + 3. Let h be 9*1/(9/6). Let r be c(h). List the prime factors of -3 + 0 - r - -2.
2
Let d = 42 - 22. Suppose -4 - 26 = -5*u - 5*b, -d = -3*u - 4*b. Suppose 15 = h + c + u, -5*h = c - 51. List the prime factors of h.
2, 5
Suppose 0*u = -3*u. Suppose i + i = -4*k + 8, u = 2*i + 4. What are the prime factors of k?
3
Suppose -3*h + 18 = -3*f, 0 = -3*h - 2*f + 3. Suppose 4*j + h*l - 35 = 2*l, -4*j - 2*l + 38 = 0. List the prime factors of j.
2
Suppose 5*d = -2*b + 135, -b - 9 = -d - 5*b. Suppose 5*q - 6 = d. What are the prime factors of q?
7
Let p = 46 + -88. Let v be (-2)/2 + 6/3. What are the prime factors of (2/(-6))/(v/p)?
2, 7
Suppose 0 = -4*h + h + 9. Suppose 0 = h*q - 2*q - 20. What are the prime factors of q?
2, 5
Let h be 124/12 + (-2)/6. Suppose f - 6*f - 15 = 0, 2*p = 2*f - h. List the prime factors of ((-9)/(-6))/((-2)/p).
2, 3
Let b(a) = 17*a + 2. List the prime factors of b(1).
19
Let v = -6 - -13. Suppose 2*a = -n + a + v, 6 = -2*n + 2*a. Suppose n*i = -i + 36. What are the prime factors of i?
2, 3
Let n = 24 - -22. What are the prime factors of n?
2, 23
Let i be 186/(-9) - 2/(-3). Let h = -1 - i. What are the prime factors of h?
19
Suppose -14*y = -3*y - 429. List the prime factors of y.
3, 13
Suppose -h + 2 = -0. Suppose -30 + 6 = -h*g. What are the prime factors of g?
2, 3
Suppose -3*h - 3*c + 265 = h, -5*h - 4*c + 331 = 0. What are the prime factors of h?
67
Let i(q) = q**2 + 3*q + 1. Let l be i(-2). What are the prime factors of (-3)/(l + (-3)/(-4))?
2, 3
Let r(s) = s + 7. Let m be r(-5). Suppose -10 - 12 = 4*o + m*u, -2*u = 5*o + 27. List the prime factors of o/1*2/(-5).
2
Suppose -5*b = s - 149, 15 + 13 = b + 2*s. List the prime factors of b.
2, 3, 5
Let y = -18 + 41. What are the prime factors of y?
23
List the prime factors of 4/10 - ((-7056)/15)/4.
2, 59
What are the prime factors of 0 - (4 + -6 + -56)?
2, 29
Suppose -5*t = -15 - 30. Suppose 0 = -5*l - 2*n + 18 + 27, -2*l + n = -t. List the prime factors of l.
7
Suppose -3*u = -4*u - 3*l + 17, -3*u - 5*l + 35 = 0. Suppose u*t - 33 = 3*i - 8, 2*t - 2*i - 14 = 0. Let a = 8 - t. List the prime factors of a.
2, 3
What are the prime factors of 1/(3/417) - -5?
2, 3
Let q = -6 + 7. List the prime factors of (4/8)/(q/12).
2, 3
Suppose 0*v + 3*v = 0. Let z(a) = -a**2 + 5*a + 2. Let m(b) = -2*b**2 + 9*b + 5. Let o(k) = 4*m(k) - 7*z(k). List the prime factors of o(v).
2, 3
Suppose 0*r + o = 4*r - 225, 3*r = -5*o + 163. List the prime factors of r.
2, 7
Let y(t) = -t**3 - 9*t**2 - 4*t - 19. What are the prime factors of y(-9)?
17
Let y(k) = k**2 + 10*k + 12. Let c = -4 + -5. Let o be y(c). Suppose -o*n + 2*n = -8. What are the prime factors of n?
2
Let k be (6/10)/(5/25). Let l = 7 - k. Suppose -2*a = 2*a + 2*h - 22, 3*a + l*h - 4 = 0. What are the prime factors of a?
2
Let u be (-1)/(-3)*6/2. Let l be 26 + (-2 - (-1)/u). Suppose -17 = -5*c + 2*t + l, 4*t - 12 = -2*c. What are the prime factors of c?
2
Let d(m) = -2*m - 1. Suppose 4*k + 18 = -2. Let t = -8 - k. List the prime factors of d(t).
5
Let j be (-13)/(-3) + (-4)/(-6). Suppose -j*r + 200 = 40. What are the prime factors of r?
2
Let a = 153 + -89. Let c = a + -45. List the prime factors of c.
19
Suppose -3*y + 2*q + 10 = 2, 2 = y - q. List the prime factors of y.
2
Let i = 6 - 1. Suppose -i*d + p + 38 = 0, -3*p = -d + 3 - 1. List the prime factors of d.
2
Let w(t) = t**3 + 5*t**2 + 4*t + 3. Let g be w(-4). Suppose 5*s - 8 + g = 0, 3*a + 134 = -s. List the prime factors of a/(-5) + (1 - -1).
11
Suppose 7*q + q - 1136 = 0. List the prime factors of q.
2, 71
Suppose 3 + 6 = t. Let g = -78 - -80. Suppose -g = -l + t. What are the prime factors of l?
11
Let x(t) = 2*t - 2 + 3 + 22*t - 7*t. List the prime factors of x(2).
5, 7
Suppose 0*i = -4*i + 60. Suppose s + v = 6*v + i, -5*s - 25 = -5*v. List the prime factors of -1 - (0 - 4) - s.
13
What are the prime factors of (-308)/7*(-2)/4?
2, 11
Let f(i) = -116*i + 3. List the prime factors of f(-2).
5, 47
Suppose -g + 21 = -3*z, z + 21 = g + 3*z. List the prime factors of g.
3, 7
Let j be 44/5 - (-2)/10. Suppose 4*n = n + j. List the prime factors of n.
3
Let d(n) = -2*n**3 - n**2 + 3*n - 3. Suppose m - 1 + 4 = 0. What are the prime factors of d(m)?
3, 11
Let i(a) = 2*a**2 + 4*a + 3. Let u be i(-2). Suppose 2*k + k = -5*g + 11, 3 = 3*k - u*g. What are the prime factors of 1*(1 - k*-2)?
5
Let k = -101 - -71. Let a = k + 42. Suppose -10 = 7*c - a*c. What are the prime factors of c?
2
Suppose 1 = -y + 4. Suppose -3 = z + y*q - 18, 3*q - 15 = -4*z. Suppose -d + 7 = -z*d. List the prime factors of d.
7
Suppose -2*z + 25 = -3*j, 1 = 2*j + 3. Let n = z + 4. What are the prime factors of n?
3, 5
Let y = -6 + 6. List the prime factors of 14*2/4 - y.
7
Let b = 229 + -139. List the prime factors of b.
2, 3, 5
Suppose 2 + 0 = h. Suppose -u + h = -2*w, -2*w = u - 7*w + 1. Let i(v) = 2*v - 4. What are the prime factors of i(u)?
2
Let y = -10 - -15. Suppose v - 5 = -0, 0 = -g + 5*v - 23. Suppose 3*p = g*f - 10, -y*p - 14 = -4. List the prime factors of f.
2
Let f = -28 - -42. Suppose -229 + f = -5*b. What are the prime factors of b?
43
Let z be (54/(-4))/(2/(-4)). Suppose a = -4*f - a - 60, 5*a = -f - 15. Let v = z + f. List the prime factors of v.
2, 3
Let x be (-17)/(-2) - 2/4. Let n(k) = -k + 13. Let z be n(x). Suppose d + 40 = 5*g - 55, z*d + 15 = 2*g. List the prime factors of g.
2, 5
Let r(z) = 9*z**2 + 1. Let o be r(1). Let y(l) = -l**2 - 10*l - 10. Let p be y(-8). Suppose d = p*d - o. List the prime factors of d.
2
Suppose 0 = -q + 17 + 2. Suppose 2*r = q + 21. Suppose 4*m + 0*m - r = 0. List the prime factors of m.
5
Suppose -2*j = 19 + 5. Let i be (-1)/3 - 244/j. Suppose -4*t + i = -f - 3*f, 3*f = 